{"id":240,"date":"2023-10-11T07:33:09","date_gmt":"2023-10-11T07:33:09","guid":{"rendered":"https:\/\/uczsiezdalnie.pl\/?page_id=240"},"modified":"2023-12-05T00:02:29","modified_gmt":"2023-12-05T00:02:29","slug":"tymczasowe-notatki","status":"publish","type":"page","link":"https:\/\/uczsiezdalnie.pl\/index.php\/tymczasowe-notatki\/","title":{"rendered":"tymczasowe-notatki"},"content":{"rendered":"\t\t<div data-elementor-type=\"wp-page\" data-elementor-id=\"240\" class=\"elementor elementor-240\">\n\t\t\t\t\t\t<section class=\"has_eae_slider elementor-section elementor-top-section elementor-element elementor-element-671227f elementor-section-boxed elementor-section-height-default elementor-section-height-default\" data-eae-slider=\"14497\" data-id=\"671227f\" data-element_type=\"section\" data-e-type=\"section\">\n\t\t\t\t\t\t<div class=\"elementor-container elementor-column-gap-default\">\n\t\t\t\t\t<div class=\"has_eae_slider elementor-column elementor-col-100 elementor-top-column elementor-element elementor-element-3e9d8f9\" data-eae-slider=\"53822\" data-id=\"3e9d8f9\" data-element_type=\"column\" data-e-type=\"column\">\n\t\t\t<div class=\"elementor-widget-wrap\">\n\t\t\t\t\t\t\t<\/div>\n\t\t<\/div>\n\t\t\t\t\t<\/div>\n\t\t<\/section>\n\t\t\t\t<section class=\"has_eae_slider elementor-section elementor-top-section elementor-element elementor-element-4d18aac elementor-hidden-desktop elementor-hidden-tablet elementor-hidden-mobile elementor-section-boxed elementor-section-height-default elementor-section-height-default\" data-eae-slider=\"77281\" data-id=\"4d18aac\" data-element_type=\"section\" data-e-type=\"section\">\n\t\t\t\t\t\t<div class=\"elementor-container elementor-column-gap-default\">\n\t\t\t\t\t<div class=\"has_eae_slider elementor-column elementor-col-50 elementor-top-column elementor-element elementor-element-af46e14\" data-eae-slider=\"76894\" data-id=\"af46e14\" data-element_type=\"column\" data-e-type=\"column\">\n\t\t\t<div class=\"elementor-widget-wrap elementor-element-populated\">\n\t\t\t\t\t\t<div class=\"elementor-element elementor-element-22c2460 elementor-widget elementor-widget-image\" data-id=\"22c2460\" data-element_type=\"widget\" data-e-type=\"widget\" data-widget_type=\"image.default\">\n\t\t\t\t<div class=\"elementor-widget-container\">\n\t\t\t\t\t\t\t\t\t\t\t\t\t\t\t<img fetchpriority=\"high\" decoding=\"async\" width=\"624\" height=\"945\" src=\"https:\/\/uczsiezdalnie.pl\/wp-content\/uploads\/2023\/10\/water-fire-bodies.jpg\" class=\"attachment-large size-large wp-image-242\" alt=\"\" srcset=\"https:\/\/uczsiezdalnie.pl\/wp-content\/uploads\/2023\/10\/water-fire-bodies.jpg 624w, https:\/\/uczsiezdalnie.pl\/wp-content\/uploads\/2023\/10\/water-fire-bodies-198x300.jpg 198w\" sizes=\"(max-width: 624px) 100vw, 624px\" \/>\t\t\t\t\t\t\t\t\t\t\t\t\t\t\t<\/div>\n\t\t\t\t<\/div>\n\t\t\t\t\t<\/div>\n\t\t<\/div>\n\t\t\t\t<div class=\"has_eae_slider elementor-column elementor-col-50 elementor-top-column elementor-element elementor-element-4e6e753\" data-eae-slider=\"480\" data-id=\"4e6e753\" data-element_type=\"column\" data-e-type=\"column\">\n\t\t\t<div class=\"elementor-widget-wrap elementor-element-populated\">\n\t\t\t\t\t\t<div class=\"elementor-element elementor-element-9daa151 elementor-widget elementor-widget-text-editor\" data-id=\"9daa151\" data-element_type=\"widget\" data-e-type=\"widget\" data-widget_type=\"text-editor.default\">\n\t\t\t\t<div class=\"elementor-widget-container\">\n\t\t\t\t\t\t\t\t\t<p>&#8222;\u017ba\u0142uj\u0119 tylko cz\u0119sto, \u017ce nie jestem z Tob\u0105 w takich momentach, kiedy \u0142adujesz si\u0119 t\u0105 negatywn\u0105 energi\u0105, wrzucasz w siebie te wszystkie negatywne frustracje i z\u0142o\u015bci. Zabra\u0142 bym Ci\u0119 wtedy do \u0142\u00f3\u017cka i wy\u0142adowa\u0142 bym to ca\u0142e negatywne napi\u0119cie, spijaj\u0105c ten boski nektar &#8211; wypijaj\u0105c z Ciebie wszystkie soki tej z\u0142ej negatywnej energii. Iskry by na pewno lecia\u0142y. Ziemia by si\u0119 trz\u0119s\u0142a. \u015awiat by si\u0119 na chwile zatrzyma\u0142!<\/p><p>I dopiero wtedy na spokojnie m\u00f3g\u0142 bym doko\u0144czy\u0107 to co trzeba zrobi\u0107. Tak mog\u0142a by\u015b mnie irytowa\u0107 ka\u017cdego dnia&#8221;\u00a0\u00a0 <\/p><p>\u00a0<\/p>\t\t\t\t\t\t\t\t<\/div>\n\t\t\t\t<\/div>\n\t\t\t\t<div class=\"elementor-element elementor-element-d8b6f95 elementor-widget elementor-widget-image\" data-id=\"d8b6f95\" data-element_type=\"widget\" data-e-type=\"widget\" data-widget_type=\"image.default\">\n\t\t\t\t<div class=\"elementor-widget-container\">\n\t\t\t\t\t\t\t\t\t\t\t\t\t\t\t<img decoding=\"async\" width=\"300\" height=\"300\" src=\"https:\/\/uczsiezdalnie.pl\/wp-content\/uploads\/2023\/10\/emotka-szyderczy-usmiech-300x300.png\" class=\"attachment-medium size-medium wp-image-250\" alt=\"\" srcset=\"https:\/\/uczsiezdalnie.pl\/wp-content\/uploads\/2023\/10\/emotka-szyderczy-usmiech-300x300.png 300w, https:\/\/uczsiezdalnie.pl\/wp-content\/uploads\/2023\/10\/emotka-szyderczy-usmiech-150x150.png 150w, https:\/\/uczsiezdalnie.pl\/wp-content\/uploads\/2023\/10\/emotka-szyderczy-usmiech.png 457w\" sizes=\"(max-width: 300px) 100vw, 300px\" \/>\t\t\t\t\t\t\t\t\t\t\t\t\t\t\t<\/div>\n\t\t\t\t<\/div>\n\t\t\t\t\t<\/div>\n\t\t<\/div>\n\t\t\t\t\t<\/div>\n\t\t<\/section>\n\t\t\t\t<section class=\"has_eae_slider elementor-section elementor-top-section elementor-element elementor-element-1b068be elementor-hidden-desktop elementor-hidden-tablet elementor-hidden-mobile elementor-section-boxed elementor-section-height-default elementor-section-height-default\" data-eae-slider=\"12085\" data-id=\"1b068be\" data-element_type=\"section\" data-e-type=\"section\">\n\t\t\t\t\t\t<div class=\"elementor-container elementor-column-gap-default\">\n\t\t\t\t\t<div class=\"has_eae_slider elementor-column elementor-col-100 elementor-top-column elementor-element elementor-element-7414f72\" data-eae-slider=\"32790\" data-id=\"7414f72\" data-element_type=\"column\" data-e-type=\"column\">\n\t\t\t<div class=\"elementor-widget-wrap elementor-element-populated\">\n\t\t\t\t\t\t<div class=\"elementor-element elementor-element-e2cc9d0 elementor-widget elementor-widget-image\" data-id=\"e2cc9d0\" data-element_type=\"widget\" data-e-type=\"widget\" data-widget_type=\"image.default\">\n\t\t\t\t<div class=\"elementor-widget-container\">\n\t\t\t\t\t\t\t\t\t\t\t\t\t\t\t<img decoding=\"async\" width=\"300\" height=\"295\" src=\"https:\/\/uczsiezdalnie.pl\/wp-content\/uploads\/2023\/12\/f0a2fd10793ef7a54c0ead42846f994b-300x295.jpg\" class=\"attachment-medium size-medium wp-image-274\" alt=\"\" srcset=\"https:\/\/uczsiezdalnie.pl\/wp-content\/uploads\/2023\/12\/f0a2fd10793ef7a54c0ead42846f994b-300x295.jpg 300w, https:\/\/uczsiezdalnie.pl\/wp-content\/uploads\/2023\/12\/f0a2fd10793ef7a54c0ead42846f994b.jpg 563w\" sizes=\"(max-width: 300px) 100vw, 300px\" \/>\t\t\t\t\t\t\t\t\t\t\t\t\t\t\t<\/div>\n\t\t\t\t<\/div>\n\t\t\t\t\t<\/div>\n\t\t<\/div>\n\t\t\t\t\t<\/div>\n\t\t<\/section>\n\t\t\t\t<section class=\"has_eae_slider elementor-section elementor-top-section elementor-element elementor-element-b81fb97 elementor-hidden-desktop elementor-hidden-tablet elementor-hidden-mobile elementor-section-boxed elementor-section-height-default elementor-section-height-default\" data-eae-slider=\"99349\" data-id=\"b81fb97\" data-element_type=\"section\" data-e-type=\"section\">\n\t\t\t\t\t\t<div class=\"elementor-container elementor-column-gap-default\">\n\t\t\t\t\t<div class=\"has_eae_slider elementor-column elementor-col-100 elementor-top-column elementor-element elementor-element-3dfb819\" data-eae-slider=\"52195\" data-id=\"3dfb819\" data-element_type=\"column\" data-e-type=\"column\">\n\t\t\t<div class=\"elementor-widget-wrap elementor-element-populated\">\n\t\t\t\t\t\t<div class=\"elementor-element elementor-element-6905489 elementor-widget elementor-widget-text-editor\" data-id=\"6905489\" data-element_type=\"widget\" data-e-type=\"widget\" data-widget_type=\"text-editor.default\">\n\t\t\t\t<div class=\"elementor-widget-container\">\n\t\t\t\t\t\t\t\t\t<p>Nie wiem czemu taka dla mnie jeste\u015b, ale wiem co ja chce zrobi\u0107 za ka\u017cdym razem kiedy tak si\u0119 zachowujesz, co podpowiada mi m\u00f3j instynkt. Wiem \u017ce Ty szanujesz i liczysz si\u0119 z osob\u0105 kt\u00f3ra zrobi Ci dobrze, kt\u00f3ra sprawi \u017ce poczujesz si\u0119 doceniona, jedyna, najwa\u017cniejsza&#8230; Czasami zdominowana&#8230; Zaopiekowana i usatysfakcjonowana. Sex jest dla Ciebie sposobem na wy\u0142adowanie tych wszystkich emocji kt\u00f3re masz w sobie. Ju\u017c dawno nie mog\u0142em zrobi\u0107 tego osobi\u015bcie, dlatego nie czujesz tego i te\u017c nie ufasz mi tak jak wcze\u015bniej. Brak Ci pewno\u015bci \u017ce jeste\u015b najwa\u017cniejsza, jedyna, i najlepsza&#8230; Ja ci\u0105gle Ci przypominam \u017ce tak jest &#8211; jeste\u015b najlepsza, jedyna i najwa\u017cniejsza! Dlatego teraz zrobi\u0119 to co ju\u017c dawno powinienem zrobi\u0107, chwyc\u0119 za w\u0142osy, odci\u0105gn\u0119 g\u0142ow\u0119 do ty\u0142u i wbij\u0119 si\u0119 w Twoj\u0105 szyj\u0119, zaczn\u0119 j\u0105 ca\u0142owa\u0107, muska\u0107, i liza\u0107&#8230; P\u00f3\u017aniej to samo zrobi\u0119 schodz\u0105c ni\u017cej i trzymaj\u0105c Twoje r\u0119ce \u015bci\u015bni\u0119te u g\u00f3ry. Zaczn\u0119 od prawiej piersi &#8211; lekko i mocno na zmian\u0119 tak jak lubisz &#8211; a\u017c do momentu jak us\u0142ysz\u0119 kilka razy: &#8221; o bo\u017ce, tak&#8230; o bo\u017ce&#8230; o oo taak, cudownie&#8230; &#8221; Uwielbiam Twoje piersi, uwielbiam Twoje cia\u0142o, uwielbiam jak reagujesz na dotyk&#8230; To samo zrobi\u0119 przechodz\u0105c na lew\u0105 pier\u015b tylko tym razem&#8230; praw\u0105 r\u0119k\u0105 zaczn\u0119 Ci\u0119 r\u00f3wnie\u017c pie\u015bci\u0107&#8230; B\u0119d\u0119 to robi\u0142 tak d\u0142ugo, a\u017c poczuje \u017ce jeste\u015b gotowa na wi\u0119cej&#8230; Wtedy zaczn\u0119 od wewn\u0119trznych cz\u0119\u015bci uda i wywo\u0142am takie dreszcze jakich jeszcze nigdy, nigdy nie mia\u0142a\u015b. I wiesz co b\u0119dzie dalej&#8230; ? <br \/>Wbij\u0119 si\u0119 w Ciebie i zaczn\u0119 liza\u0107 i muska\u0107 t\u0105 Twoj\u0105 g\u0142adziutk\u0105 i cudownie delikatn\u0105 muszelk\u0119. Tak jak lubisz i tu gdzie lubisz. Ruchami r\u00f3wnymi i intensywnymi czasami zwalniaj\u0105c \u017ceby przed\u0142u\u017cy\u0107 ten stan kt\u00f3ry powoli zaczyna nadchodzi\u0107, zbli\u017ca\u0107 si\u0119 ma\u0142ymi krokami. Uwielbiam pie\u015bci\u0107 Twoje cia\u0142o i czu\u0107 Twoje dreszcze, tym razem by\u0142 bym ju\u017c pewny siebie i stanowczy &#8211; taki jak lubisz &#8211; ale te\u017c taki kt\u00f3ry poskromi Twoje rz\u0105dze&#8230; Taki kt\u00f3ry zadowoli Ci\u0119 w pe\u0142ni&#8230; A teraz poczujesz \u017ce to ju\u017c&#8230; \u017ce nadchodzi ten moment i wypniesz si\u0119 jak zawsze do g\u00f3ry i do ty\u0142u a ja zaczn\u0119 coraz pewniej i mocniej robi\u0107 to co najbardziej uwielbiasz i robi\u0107 to ca\u0142y czas bez przerwy aby doprowadzi\u0107 Ci\u0119 do takiego stanu kt\u00f3ry najbardziej odpowiada Twoim potrzebom i uwolni te wszystkie emocje&#8230; Tak&#8230; teraz ju\u017c zaczniesz krzycze\u0107 i m\u00f3wi\u0107 nie przestawaj, r\u00f3b tak, r\u00f3b tak dalej, nie przestawaj&#8230; tak mi dobrze. A ja jeszcze pewniej siebie zrobi\u0119 to bardzo dobrze wiedz\u0105c ju\u017c gdzie dotkn\u0105\u0107 i jak dotkn\u0105\u0107 by uzyska\u0107 pe\u0142ny, du\u017cy i obfity wytrysk. Z\u0142api\u0119 ka\u017cd\u0105 kropelk\u0119&#8230; uwielbiam to, uwielbiam kiedy czuje \u017ce jeste\u015b usatysfakcjonowana, zadowolona i dopieszczona. Zas\u0142ugujesz na wszystko czego chcesz i masz tego \u015bwiadomo\u015b\u0107 &#8211; ja to wiem. Tak, tego chcia\u0142a\u015b &#8211; ale nie powiedzia\u0142a\u015b &#8211; nie potrafisz mi tego powiedzie\u0107. Dlatego wy\u0142adowujesz na mnie wszystkie swoje negatywne emocje. A ja je przyjmuje, bo Ci\u0119 kocham i chce by\u015b by\u0142a szcz\u0119\u015bliwa&#8230;.<\/p><p>A teraz zajm\u0119 si\u0119 sob\u0105, przypomn\u0119 sobie wszystkie cudowne chwile kt\u00f3re prze\u017cy\u0142em z Tob\u0105. Uwielbiam, jeste\u015b jedyn\u0105 kobiet\u0105 przy kt\u00f3rej zaczyna\u0142em czu\u0107 si\u0119 swobodnie, przy kt\u00f3rej chce wi\u0119cej&#8230;\u00a0 wi\u0119cej&#8230;\u00a0 wi\u0119cej&#8230;\u00a0\u00a0 Przy kt\u00f3rej zgadzam si\u0119 na wszystko, kt\u00f3ra smakuje jak najlepsze tiramisu \ud83d\ude09\u00a0 po prostu uwielbiam\u00a0 &#8211;\u00a0 jeste\u015b cudowna i jedyna. <\/p>\t\t\t\t\t\t\t\t<\/div>\n\t\t\t\t<\/div>\n\t\t\t\t\t<\/div>\n\t\t<\/div>\n\t\t\t\t\t<\/div>\n\t\t<\/section>\n\t\t\t\t<section class=\"has_eae_slider elementor-section elementor-top-section elementor-element elementor-element-8898280 elementor-section-boxed elementor-section-height-default elementor-section-height-default\" data-eae-slider=\"40764\" data-id=\"8898280\" data-element_type=\"section\" data-e-type=\"section\">\n\t\t\t\t\t\t<div class=\"elementor-container elementor-column-gap-default\">\n\t\t\t\t\t<div class=\"has_eae_slider elementor-column elementor-col-100 elementor-top-column elementor-element elementor-element-e909c07\" data-eae-slider=\"96289\" data-id=\"e909c07\" data-element_type=\"column\" data-e-type=\"column\">\n\t\t\t<div class=\"elementor-widget-wrap elementor-element-populated\">\n\t\t\t\t\t\t<div class=\"elementor-element elementor-element-13d88db elementor-widget elementor-widget-image\" data-id=\"13d88db\" data-element_type=\"widget\" data-e-type=\"widget\" data-widget_type=\"image.default\">\n\t\t\t\t<div class=\"elementor-widget-container\">\n\t\t\t\t\t\t\t\t\t\t\t\t\t\t\t<img loading=\"lazy\" decoding=\"async\" width=\"457\" height=\"456\" src=\"https:\/\/uczsiezdalnie.pl\/wp-content\/uploads\/2023\/10\/emotka-szyderczy-usmiech.png\" class=\"attachment-large size-large wp-image-250\" alt=\"\" srcset=\"https:\/\/uczsiezdalnie.pl\/wp-content\/uploads\/2023\/10\/emotka-szyderczy-usmiech.png 457w, https:\/\/uczsiezdalnie.pl\/wp-content\/uploads\/2023\/10\/emotka-szyderczy-usmiech-300x300.png 300w, https:\/\/uczsiezdalnie.pl\/wp-content\/uploads\/2023\/10\/emotka-szyderczy-usmiech-150x150.png 150w\" sizes=\"(max-width: 457px) 100vw, 457px\" \/>\t\t\t\t\t\t\t\t\t\t\t\t\t\t\t<\/div>\n\t\t\t\t<\/div>\n\t\t\t\t\t<\/div>\n\t\t<\/div>\n\t\t\t\t\t<\/div>\n\t\t<\/section>\n\t\t\t\t<section class=\"has_eae_slider elementor-section elementor-top-section elementor-element elementor-element-0e5964d elementor-section-boxed elementor-section-height-default elementor-section-height-default\" data-eae-slider=\"36593\" data-id=\"0e5964d\" data-element_type=\"section\" data-e-type=\"section\">\n\t\t\t\t\t\t<div class=\"elementor-container elementor-column-gap-default\">\n\t\t\t\t\t<div class=\"has_eae_slider elementor-column elementor-col-100 elementor-top-column elementor-element elementor-element-28be959\" data-eae-slider=\"36823\" data-id=\"28be959\" data-element_type=\"column\" data-e-type=\"column\">\n\t\t\t<div class=\"elementor-widget-wrap elementor-element-populated\">\n\t\t\t\t\t\t<div class=\"elementor-element elementor-element-f960914 elementor-widget elementor-widget-text-editor\" data-id=\"f960914\" data-element_type=\"widget\" data-e-type=\"widget\" data-widget_type=\"text-editor.default\">\n\t\t\t\t<div class=\"elementor-widget-container\">\n\t\t\t\t\t\t\t\t\t<p>Szukasz tu czego\u015b? Pewnie by\u0142o i si\u0119 zby\u0142o ;P Je\u015bli chcesz ponownie to wy\u015blij SMS o tre\u015bci JOKER na wiadomy numer, a spotkamy si\u0119 ponownie \ud83d\ude09<\/p><p><span style=\"color: #ff0000;\">Dobranoc S\u0141ONECZKO<\/span><\/p>\t\t\t\t\t\t\t\t<\/div>\n\t\t\t\t<\/div>\n\t\t\t\t\t<\/div>\n\t\t<\/div>\n\t\t\t\t\t<\/div>\n\t\t<\/section>\n\t\t\t\t<\/div>\n\t\t","protected":false},"excerpt":{"rendered":"<p>&#8222;\u017ba\u0142uj\u0119 tylko cz\u0119sto, \u017ce nie jestem z Tob\u0105 w takich momentach, kiedy \u0142adujesz si\u0119 t\u0105 negatywn\u0105 energi\u0105, wrzucasz w siebie te wszystkie negatywne frustracje i z\u0142o\u015bci. Zabra\u0142 bym Ci\u0119 wtedy do \u0142\u00f3\u017cka i wy\u0142adowa\u0142 bym to ca\u0142e negatywne napi\u0119cie, spijaj\u0105c ten boski nektar &#8211; wypijaj\u0105c z Ciebie wszystkie soki tej z\u0142ej negatywnej energii. Iskry by&hellip;<\/p>\n","protected":false},"author":3,"featured_media":0,"parent":0,"menu_order":0,"comment_status":"closed","ping_status":"closed","template":"","meta":{"footnotes":""},"class_list":["post-240","page","type-page","status-publish","hentry"],"_links":{"self":[{"href":"https:\/\/uczsiezdalnie.pl\/index.php\/wp-json\/wp\/v2\/pages\/240","targetHints":{"allow":["GET"]}}],"collection":[{"href":"https:\/\/uczsiezdalnie.pl\/index.php\/wp-json\/wp\/v2\/pages"}],"about":[{"href":"https:\/\/uczsiezdalnie.pl\/index.php\/wp-json\/wp\/v2\/types\/page"}],"author":[{"embeddable":true,"href":"https:\/\/uczsiezdalnie.pl\/index.php\/wp-json\/wp\/v2\/users\/3"}],"replies":[{"embeddable":true,"href":"https:\/\/uczsiezdalnie.pl\/index.php\/wp-json\/wp\/v2\/comments?post=240"}],"version-history":[{"count":50,"href":"https:\/\/uczsiezdalnie.pl\/index.php\/wp-json\/wp\/v2\/pages\/240\/revisions"}],"predecessor-version":[{"id":295,"href":"https:\/\/uczsiezdalnie.pl\/index.php\/wp-json\/wp\/v2\/pages\/240\/revisions\/295"}],"wp:attachment":[{"href":"https:\/\/uczsiezdalnie.pl\/index.php\/wp-json\/wp\/v2\/media?parent=240"}],"curies":[{"name":"wp","href":"https:\/\/api.w.org\/{rel}","templated":true}]}}